{"id":160,"date":"2023-09-24T17:06:26","date_gmt":"2023-09-24T17:06:26","guid":{"rendered":"https:\/\/clinicarenacer.mx\/?page_id=160"},"modified":"2023-10-02T00:41:21","modified_gmt":"2023-10-02T00:41:21","slug":"centro-de-rehabilitacion-de-bulimia-y-anorexia-cerca-de-guadalajara-mexico","status":"publish","type":"page","link":"https:\/\/clinicarenacer.mx\/index.php\/centro-de-rehabilitacion-de-bulimia-y-anorexia-cerca-de-guadalajara-mexico\/","title":{"rendered":"Bulimia y Anorexia"},"content":{"rendered":"\n<p>Bulimia<\/p>\n\n\n\n<p>Trastorno alimenticio grave caracterizado por atracones, seguidos de m\u00e9todos para evitar el aumento de peso.<\/p>\n\n\n\n<p>La bulimia es un trastorno alimenticio potencialmente mortal.<\/p>\n\n\n\n<p>Las personas con esta enfermedad comen compulsivamente. Luego, llevan a cabo pr\u00e1cticas para evitar subir de peso. La m\u00e1s com\u00fan es vomitar (purgarse). Otras pr\u00e1cticas pueden ser el ejercicio f\u00edsico excesivo o el ayuno.<\/p>\n\n\n\n<p>El tratamiento consiste en terapia profesional, medicamentos y educaci\u00f3n nutricional.<\/p>\n\n\n\n<p>Anorexia<\/p>\n\n\n\n<p>Trastorno alimentario que provoca que la persona se obsesione con su peso y lo que ingiere.<\/p>\n\n\n\n<p>La anorexia se caracteriza por una imagen corporal distorsionada y el miedo injustificado a subir de peso.<\/p>\n\n\n\n<p>Los s\u00edntomas incluyen tratar de mantener un peso por debajo de lo normal mediante la inanici\u00f3n o el ejercicio excesivo.<\/p>\n\n\n\n<p>Puede ser necesario un tratamiento m\u00e9dico para volver al peso normal. La terapia conversacional puede ayudar con la autoestima y los cambios en el comportamiento.<\/p>\n\n\n\n<figure class=\"wp-block-image\"><a href=\"https:\/\/clinicarenacer.mx\/\"><img decoding=\"async\" src=\"https:\/\/clinicarenacer.mx\/wp-content\/uploads\/2023\/07\/cropped-Logoclinica_Mesa-de-trabajo-1-scaled-1.jpg\" alt=\"Clinica Renacer Mexico\"\/><\/a><\/figure>\n\n\n\n<figure class=\"wp-block-image\"><img loading=\"lazy\" decoding=\"async\" width=\"958\" height=\"936\" src=\"https:\/\/clinicarenacer.mx\/wp-content\/uploads\/2023\/07\/fotograndes-03.jpg\" alt=\"\" class=\"wp-image-106\" srcset=\"https:\/\/clinicarenacer.mx\/wp-content\/uploads\/2023\/07\/fotograndes-03.jpg 958w, https:\/\/clinicarenacer.mx\/wp-content\/uploads\/2023\/07\/fotograndes-03-300x293.jpg 300w, https:\/\/clinicarenacer.mx\/wp-content\/uploads\/2023\/07\/fotograndes-03-768x750.jpg 768w\" sizes=\"auto, (max-width: 958px) 100vw, 958px\" \/><\/figure>\n\n\n\n<hr class=\"wp-block-separator has-alpha-channel-opacity\"\/>\n\n\n\n<p>Un m\u00e9dico profesional puede tratarla los des\u00f3rdenes alimenticios<\/p>\n\n\n\n<p>Cr\u00f3nicas: pueden durar a\u00f1os o toda la vida<\/p>\n\n\n\n<p>Por lo general, se puede realizar un autodiagn\u00f3stico<\/p>\n\n\n\n<p>No se requieren an\u00e1lisis de laboratorio o estudios de diagn\u00f3stico por im\u00e1genes<\/p>\n\n\n\n<p><a rel=\"noreferrer noopener\" href=\"https:\/\/wa.me\/message\/GAJHZBSQKZVXJ1\" target=\"_blank\"><em><mark>Sabemos que el camino no ha sido f\u00e1cil, Da click aqu\u00ed para contactarnos por whatsapp<\/mark><\/em><\/a><\/p>\n","protected":false},"excerpt":{"rendered":"<p>Bulimia Trastorno alimenticio grave caracterizado por atracones, seguidos de m\u00e9todos para evitar el aumento de peso. La bulimia es un trastorno alimenticio potencialmente mortal. Las personas con esta enfermedad comen compulsivamente. Luego, llevan a cabo pr\u00e1cticas para evitar subir de peso. La m\u00e1s com\u00fan es vomitar (purgarse). Otras pr\u00e1cticas pueden ser el ejercicio f\u00edsico excesivo <a href=\"https:\/\/clinicarenacer.mx\/index.php\/centro-de-rehabilitacion-de-bulimia-y-anorexia-cerca-de-guadalajara-mexico\/\" rel=\"nofollow\"><span class=\"sr-only\">Read more about Bulimia y Anorexia<\/span>[&hellip;]<\/a><\/p>\n","protected":false},"author":1,"featured_media":0,"parent":0,"menu_order":0,"comment_status":"closed","ping_status":"closed","template":"","meta":{"footnotes":""},"class_list":["post-160","page","type-page","status-publish","hentry"],"yoast_head":"<!-- This site is optimized with the Yoast SEO plugin v21.2 - https:\/\/yoast.com\/wordpress\/plugins\/seo\/ -->\n<title>Bulimia y Anorexia - Clinica Renacer Mexico<\/title>\n<meta name=\"robots\" content=\"index, follow, max-snippet:-1, max-image-preview:large, max-video-preview:-1\" \/>\n<link rel=\"canonical\" href=\"https:\/\/clinicarenacer.mx\/index.php\/centro-de-rehabilitacion-de-bulimia-y-anorexia-cerca-de-guadalajara-mexico\/\" \/>\n<meta property=\"og:locale\" content=\"es_MX\" \/>\n<meta property=\"og:type\" content=\"article\" \/>\n<meta property=\"og:title\" content=\"Bulimia y Anorexia - Clinica Renacer Mexico\" \/>\n<meta property=\"og:description\" content=\"Bulimia Trastorno alimenticio grave caracterizado por atracones, seguidos de m\u00e9todos para evitar el aumento de peso. La bulimia es un trastorno alimenticio potencialmente mortal. Las personas con esta enfermedad comen compulsivamente. Luego, llevan a cabo pr\u00e1cticas para evitar subir de peso. La m\u00e1s com\u00fan es vomitar (purgarse). Otras pr\u00e1cticas pueden ser el ejercicio f\u00edsico excesivo Read more about Bulimia y Anorexia[&hellip;]\" \/>\n<meta property=\"og:url\" content=\"https:\/\/clinicarenacer.mx\/index.php\/centro-de-rehabilitacion-de-bulimia-y-anorexia-cerca-de-guadalajara-mexico\/\" \/>\n<meta property=\"og:site_name\" content=\"Clinica Renacer Mexico\" \/>\n<meta property=\"article:publisher\" content=\"https:\/\/www.facebook.com\/renacer.pro\" \/>\n<meta property=\"article:modified_time\" content=\"2023-10-02T00:41:21+00:00\" \/>\n<meta property=\"og:image\" content=\"https:\/\/clinicarenacer.mx\/wp-content\/uploads\/2023\/07\/cropped-Logoclinica_Mesa-de-trabajo-1-scaled-1.jpg\" \/>\n<meta name=\"twitter:card\" content=\"summary_large_image\" \/>\n<script type=\"application\/ld+json\" class=\"yoast-schema-graph\">{\"@context\":\"https:\/\/schema.org\",\"@graph\":[{\"@type\":\"WebPage\",\"@id\":\"https:\/\/clinicarenacer.mx\/index.php\/centro-de-rehabilitacion-de-bulimia-y-anorexia-cerca-de-guadalajara-mexico\/\",\"url\":\"https:\/\/clinicarenacer.mx\/index.php\/centro-de-rehabilitacion-de-bulimia-y-anorexia-cerca-de-guadalajara-mexico\/\",\"name\":\"Bulimia y Anorexia - Clinica Renacer Mexico\",\"isPartOf\":{\"@id\":\"https:\/\/clinicarenacer.mx\/#website\"},\"datePublished\":\"2023-09-24T17:06:26+00:00\",\"dateModified\":\"2023-10-02T00:41:21+00:00\",\"breadcrumb\":{\"@id\":\"https:\/\/clinicarenacer.mx\/index.php\/centro-de-rehabilitacion-de-bulimia-y-anorexia-cerca-de-guadalajara-mexico\/#breadcrumb\"},\"inLanguage\":\"es\",\"potentialAction\":[{\"@type\":\"ReadAction\",\"target\":[\"https:\/\/clinicarenacer.mx\/index.php\/centro-de-rehabilitacion-de-bulimia-y-anorexia-cerca-de-guadalajara-mexico\/\"]}]},{\"@type\":\"BreadcrumbList\",\"@id\":\"https:\/\/clinicarenacer.mx\/index.php\/centro-de-rehabilitacion-de-bulimia-y-anorexia-cerca-de-guadalajara-mexico\/#breadcrumb\",\"itemListElement\":[{\"@type\":\"ListItem\",\"position\":1,\"name\":\"Inicio\",\"item\":\"https:\/\/clinicarenacer.mx\/\"},{\"@type\":\"ListItem\",\"position\":2,\"name\":\"Bulimia y Anorexia\"}]},{\"@type\":\"WebSite\",\"@id\":\"https:\/\/clinicarenacer.mx\/#website\",\"url\":\"https:\/\/clinicarenacer.mx\/\",\"name\":\"www.clinicarenacer.mx\",\"description\":\"\",\"publisher\":{\"@id\":\"https:\/\/clinicarenacer.mx\/#organization\"},\"potentialAction\":[{\"@type\":\"SearchAction\",\"target\":{\"@type\":\"EntryPoint\",\"urlTemplate\":\"https:\/\/clinicarenacer.mx\/?s={search_term_string}\"},\"query-input\":\"required name=search_term_string\"}],\"inLanguage\":\"es\"},{\"@type\":\"Organization\",\"@id\":\"https:\/\/clinicarenacer.mx\/#organization\",\"name\":\"www.clinicarenacer.mx\",\"url\":\"https:\/\/clinicarenacer.mx\/\",\"logo\":{\"@type\":\"ImageObject\",\"inLanguage\":\"es\",\"@id\":\"https:\/\/clinicarenacer.mx\/#\/schema\/logo\/image\/\",\"url\":\"https:\/\/clinicarenacer.mx\/wp-content\/uploads\/2023\/07\/cropped-Logoclinica_Mesa-de-trabajo-1-scaled-1.jpg\",\"contentUrl\":\"https:\/\/clinicarenacer.mx\/wp-content\/uploads\/2023\/07\/cropped-Logoclinica_Mesa-de-trabajo-1-scaled-1.jpg\",\"width\":2560,\"height\":713,\"caption\":\"www.clinicarenacer.mx\"},\"image\":{\"@id\":\"https:\/\/clinicarenacer.mx\/#\/schema\/logo\/image\/\"},\"sameAs\":[\"https:\/\/www.facebook.com\/renacer.pro\",\"https:\/\/www.instagram.com\/clinicarenacermexico\/\"]}]}<\/script>\n<!-- \/ Yoast SEO plugin. -->","yoast_head_json":{"title":"Bulimia y Anorexia - Clinica Renacer Mexico","robots":{"index":"index","follow":"follow","max-snippet":"max-snippet:-1","max-image-preview":"max-image-preview:large","max-video-preview":"max-video-preview:-1"},"canonical":"https:\/\/clinicarenacer.mx\/index.php\/centro-de-rehabilitacion-de-bulimia-y-anorexia-cerca-de-guadalajara-mexico\/","og_locale":"es_MX","og_type":"article","og_title":"Bulimia y Anorexia - Clinica Renacer Mexico","og_description":"Bulimia Trastorno alimenticio grave caracterizado por atracones, seguidos de m\u00e9todos para evitar el aumento de peso. La bulimia es un trastorno alimenticio potencialmente mortal. Las personas con esta enfermedad comen compulsivamente. Luego, llevan a cabo pr\u00e1cticas para evitar subir de peso. La m\u00e1s com\u00fan es vomitar (purgarse). Otras pr\u00e1cticas pueden ser el ejercicio f\u00edsico excesivo Read more about Bulimia y Anorexia[&hellip;]","og_url":"https:\/\/clinicarenacer.mx\/index.php\/centro-de-rehabilitacion-de-bulimia-y-anorexia-cerca-de-guadalajara-mexico\/","og_site_name":"Clinica Renacer Mexico","article_publisher":"https:\/\/www.facebook.com\/renacer.pro","article_modified_time":"2023-10-02T00:41:21+00:00","og_image":[{"url":"https:\/\/clinicarenacer.mx\/wp-content\/uploads\/2023\/07\/cropped-Logoclinica_Mesa-de-trabajo-1-scaled-1.jpg"}],"twitter_card":"summary_large_image","schema":{"@context":"https:\/\/schema.org","@graph":[{"@type":"WebPage","@id":"https:\/\/clinicarenacer.mx\/index.php\/centro-de-rehabilitacion-de-bulimia-y-anorexia-cerca-de-guadalajara-mexico\/","url":"https:\/\/clinicarenacer.mx\/index.php\/centro-de-rehabilitacion-de-bulimia-y-anorexia-cerca-de-guadalajara-mexico\/","name":"Bulimia y Anorexia - Clinica Renacer Mexico","isPartOf":{"@id":"https:\/\/clinicarenacer.mx\/#website"},"datePublished":"2023-09-24T17:06:26+00:00","dateModified":"2023-10-02T00:41:21+00:00","breadcrumb":{"@id":"https:\/\/clinicarenacer.mx\/index.php\/centro-de-rehabilitacion-de-bulimia-y-anorexia-cerca-de-guadalajara-mexico\/#breadcrumb"},"inLanguage":"es","potentialAction":[{"@type":"ReadAction","target":["https:\/\/clinicarenacer.mx\/index.php\/centro-de-rehabilitacion-de-bulimia-y-anorexia-cerca-de-guadalajara-mexico\/"]}]},{"@type":"BreadcrumbList","@id":"https:\/\/clinicarenacer.mx\/index.php\/centro-de-rehabilitacion-de-bulimia-y-anorexia-cerca-de-guadalajara-mexico\/#breadcrumb","itemListElement":[{"@type":"ListItem","position":1,"name":"Inicio","item":"https:\/\/clinicarenacer.mx\/"},{"@type":"ListItem","position":2,"name":"Bulimia y Anorexia"}]},{"@type":"WebSite","@id":"https:\/\/clinicarenacer.mx\/#website","url":"https:\/\/clinicarenacer.mx\/","name":"www.clinicarenacer.mx","description":"","publisher":{"@id":"https:\/\/clinicarenacer.mx\/#organization"},"potentialAction":[{"@type":"SearchAction","target":{"@type":"EntryPoint","urlTemplate":"https:\/\/clinicarenacer.mx\/?s={search_term_string}"},"query-input":"required name=search_term_string"}],"inLanguage":"es"},{"@type":"Organization","@id":"https:\/\/clinicarenacer.mx\/#organization","name":"www.clinicarenacer.mx","url":"https:\/\/clinicarenacer.mx\/","logo":{"@type":"ImageObject","inLanguage":"es","@id":"https:\/\/clinicarenacer.mx\/#\/schema\/logo\/image\/","url":"https:\/\/clinicarenacer.mx\/wp-content\/uploads\/2023\/07\/cropped-Logoclinica_Mesa-de-trabajo-1-scaled-1.jpg","contentUrl":"https:\/\/clinicarenacer.mx\/wp-content\/uploads\/2023\/07\/cropped-Logoclinica_Mesa-de-trabajo-1-scaled-1.jpg","width":2560,"height":713,"caption":"www.clinicarenacer.mx"},"image":{"@id":"https:\/\/clinicarenacer.mx\/#\/schema\/logo\/image\/"},"sameAs":["https:\/\/www.facebook.com\/renacer.pro","https:\/\/www.instagram.com\/clinicarenacermexico\/"]}]}},"_links":{"self":[{"href":"https:\/\/clinicarenacer.mx\/index.php\/wp-json\/wp\/v2\/pages\/160","targetHints":{"allow":["GET"]}}],"collection":[{"href":"https:\/\/clinicarenacer.mx\/index.php\/wp-json\/wp\/v2\/pages"}],"about":[{"href":"https:\/\/clinicarenacer.mx\/index.php\/wp-json\/wp\/v2\/types\/page"}],"author":[{"embeddable":true,"href":"https:\/\/clinicarenacer.mx\/index.php\/wp-json\/wp\/v2\/users\/1"}],"replies":[{"embeddable":true,"href":"https:\/\/clinicarenacer.mx\/index.php\/wp-json\/wp\/v2\/comments?post=160"}],"version-history":[{"count":2,"href":"https:\/\/clinicarenacer.mx\/index.php\/wp-json\/wp\/v2\/pages\/160\/revisions"}],"predecessor-version":[{"id":174,"href":"https:\/\/clinicarenacer.mx\/index.php\/wp-json\/wp\/v2\/pages\/160\/revisions\/174"}],"wp:attachment":[{"href":"https:\/\/clinicarenacer.mx\/index.php\/wp-json\/wp\/v2\/media?parent=160"}],"curies":[{"name":"wp","href":"https:\/\/api.w.org\/{rel}","templated":true}]}}